3 - 2*g**2 - g + 1. Let o be c(3). Let l = -12 + o. Determine i(l).
-7
Let z(i) = 5*i**3 + 1. Let x = 5 - 4. Calculate z(x).
6
Let t(s) = -7 + 2 - 2 - 2 - 4*s. Give t(-6).
15
Let p(x) = -x**2 - 4*x + 1. Let m be p(-3). Let u be -4 - (-5)/(10/m). Let w(h) = h**2 - h - 2. Give w(u).
4
Suppose 0 = 4*j + 2 - 30. Let o = 12 - j. Suppose -o*t = -2*l - 0*t + 18, -t = -4*l + 18. Let s(d) = d**2 - 3*d - 4. What is s(l)?
0
Let f(l) = -1. Let p(n) = -n. Let h(v) = 4*f(v) - p(v). Let g be 5/(-2)*(-2 + 4). Determine h(g).
-9
Let n(m) = m**3 + m + 1. Let q be n(0). Let k be 6/(-21)*(q - 8). Let j(r) = -2*r - r**2 + 4*r**k + 1 - 3*r**3 + 2*r**3 + 3*r. Determine j(3).
4
Let v(p) = -3*p + 18. Let q(o) = -4*o + 18. Let s(g) = 4*q(g) - 5*v(g). Calculate s(0).
-18
Let w be (64/12)/(4/(-6)). Let c(m) = -m**2 - 8*m - 7. Determine c(w).
-7
Let a(t) = 2*t**3 + t**2 + 2*t + 2. Suppose -2 = h + n, 0 = 5*h - n + 2*n + 10. Give a(h).
-14
Let g(d) = 3*d + 1. Suppose 4*f + 14 + 6 = 0. What is g(f)?
-14
Let c(b) = b - 5. Let m(d) = 4. Let x(p) = 2*c(p) + 3*m(p). Let i = -6 + 10. Suppose -i*a - 2*o - 2*o = -24, 5*a + 2 = 3*o. Give x(a).
6
Let w(h) = -4*h**2 + 12*h + 8. Let q(o) = -o**2 + o + 1. Let a(r) = 5*q(r) - w(r). Calculate a(-5).
7
Let n(u) be the second derivative of -7*u**4/12 + u**3/3 + u**2/2 - 11*u. What is n(-1)?
-8
Let q(j) = 2*j**2 - 6*j - 1. Let r(v) = -v**2 + v. Let p(i) = -i**2 + 5*i + 10. Let t be p(6). Let n(f) = t*r(f) + q(f). Calculate n(-1).
-1
Let f(a) = 3*a**2 - 8*a**2 + 3*a + a**2 - a**3. Determine f(-5).
10
Let z(p) = -9*p - p**3 + 2*p - 7 - 6*p**2 + 0*p**3. Calculate z(-5).
3
Let u(d) be the third derivative of -d**7/5040 - d**6/720 - d**5/30 - d**2. Let b(j) be the third derivative of u(j). Calculate b(3).
-4
Suppose 8 = 5*t - 2*g - 0, 0 = 5*t - g - 4. Let o = 0 - -4. Let f(y) = -o + y + t - 2. Calculate f(0).
-6
Suppose 4*n - 18 = y + y, -5 = -n. Let t(m) = -y + 2 + 4 - m. Let a be (-5 + -1 - -26)/4. Calculate t(a).
0
Let w be 9/(-2)*1/(-3). Let c(k) be the second derivative of 1/6*k**3 - 2*k + 0 + w*k**2. Determine c(-5).
-2
Let z(q) be the second derivative of q**8/3360 - q**6/180 + q**5/40 + q**4/6 + 6*q. Let j(g) be the third derivative of z(g). Determine j(2).
11
Let n(b) = b**2 + 7*b - 7. Suppose -2*r + 10*a = 7*a + 10, 5*a - 22 = 4*r. Calculate n(r).
1
Let z(w) = -w**3 + 7*w**2 + 9*w - 6. Let d be z(8). Suppose 0 = -f - 3*k - 2, 3*k - 10 + d = 4*f. Let g(i) = -4*i + 2*i**2 + 2*i**3 - 6*i + 9*i. Give g(f).
-6
Let h(u) = -3 + 0 - 7*u + 0*u**2 - 7*u**2 + 3*u**3 - 4*u**3. Let c be h(-6). Let q(y) = y + 0 + 6 - c*y. What is q(5)?
-4
Let h(v) = 2*v**3 + 6*v**2 - 6*v + 4. Let g(z) = z**3 + 1. Let p(d) = -3*g(d) + h(d). Let q = 5 + -2. Suppose 0 = 2*m + q - 13. What is p(m)?
-4
Suppose 5*u = -2*t - 15, 4*u = u + 4*t + 17. Let r(o) = -9*o**2 + 1. What is r(u)?
-8
Let t(l) be the second derivative of l**3/6 + 2*l**2 + 32*l. Determine t(-2).
2
Suppose -4*u + 4 = 0, 2*i - 28 - 32 = 2*u. Suppose -i = -2*o - 21. Let c(t) = -t - 1. Give c(o).
-6
Let z(s) = -s**3 - s**2 + 4*s + 1. Let g(k) = k**2 - 4. Let d = 25 + -18. Let m(l) = l**2 - l - 5. Let v(w) = d*g(w) - 6*m(w). Let q be v(-5). Determine z(q).
7
Suppose -7*z = -3*z + 8. Let j(x) be the first derivative of x**3/3 - 3*x**2/2 - x + 3. Calculate j(z).
9
Let o(v) = 2*v**2 + 4*v - 1. Let d be o(-3). Let p(h) = h - 6 + 4 - 6. Let q be p(d). Let t(s) = s + 1. What is t(q)?
-2
Let d be ((-4)/6)/((-16)/24). Let w = 0 + d. Let s(f) = -9*f. Determine s(w).
-9
Let k be 1 - (2/(-1) + 12). Let x be 2/6 - (-21)/k. Let c(d) = 6 - 2*d**2 + 2 - d - d + d**3 - 6. What is c(x)?
-10
Let a be (1 - -1)/(-1) + 7. Let p(m) = 6*m - 6*m + 6*m - 10 - 8*m + 3*m. What is p(a)?
-5
Let f(r) = -4*r**3 + 5*r**3 + 7 - 9*r + 3*r**3 + 9*r**2 - 3*r**3. Give f(-10).
-3
Let l(o) = 0*o + 2*o + 1 - 4 - o**2. Let h(g) = -2*g**2 + g + 2. Let j be h(0). Calculate l(j).
-3
Let b be 24/(-20)*(-10)/(-3). Let w(c) be the third derivative of 5/6*c**3 + 0*c - 1/8*c**4 + 0 + 2*c**2 - 1/60*c**5. What is w(b)?
1
Let s(f) = f + 0*f**3 - 16*f**2 + 17*f**2 - 19 + f**3. What is s(0)?
-19
Let k(b) = b + 4. Let s be k(-8). Let g(j) = j**2 + 4*j - 2. Give g(s).
-2
Let a(o) = 16 + 8*o**2 + 2 - 3 - 7*o**3 + 5*o. Let n(w) = 3*w**3 - 4*w**2 - 2*w - 7. Let j(l) = -2*a(l) - 5*n(l). Suppose 0 = -6*d + 42*d - 144. Give j(d).
5
Suppose 2*s - s = 1. Let f(p) be the first derivative of -p**6/20 + p**4/24 + p**2 + 1. Let v(g) be the second derivative of f(g). What is v(s)?
-5
Let i(q) = q**3 + 6*q**2 - q - 6. Let v be i(-6). Suppose s - 1 - 5 = v. Let b(j) = j - 11. What is b(s)?
-5
Suppose -c = 14 - 13. Let n(h) = -11*h**3 + h**2. Determine n(c).
12
Let p(v) = 4*v + 1. Let n = 8 + -6. Calculate p(n).
9
Let t(n) be the first derivative of -n**3/6 + 6*n**2 - 4*n - 1. Let i(y) be the first derivative of t(y). Determine i(6).
6
Let d be (10/(-3))/(8/(-12)). Let c(q) be the third derivative of -1/120*q**6 + 1/12*q**5 + 0 + 0*q - 2*q**2 - 2/3*q**3 + 0*q**4. Calculate c(d).
-4
Let l(a) be the second derivative of -a**4/24 + 5*a**3/6 + a**2 - 3*a. Let o(z) be the first derivative of l(z). What is o(4)?
1
Let a(k) = -k**3 - 4*k**2 + 6*k + 6. Let j be -2*((-66)/(-12) + -3). Calculate a(j).
1
Let l(o) = o + 3*o**2 - 12*o + 0*o. Let i(x) = 16*x + 1. Let w(z) = z**2 + 15*z + 1. Let v(g) = 6*i(g) - 5*w(g). Let r(p) = -7*l(p) - 4*v(p). Determine r(-6).
2
Let h = 22 - 16. Suppose 0 = h*g - g. Let x(w) = w**2 + w + 5. Calculate x(g).
5
Let o(c) = 2 + 2 + 10 - 114*c + 113*c. Give o(10).
4
Let v be -2 - (-4 - -2)*1. Let k(z) = -1. Let x(l) = -l - 4. Let w(j) = -15*k(j) + 3*x(j). Let d(i) = 5*i - 5. Let y(r) = -5*d(r) - 8*w(r). What is y(v)?
1
Suppose -2*q - 2 = -3*s - 0*s, 0 = 2*s - 2*q - 4. Let o(j) be the third derivative of 0*j - 2*j**2 + 1/12*j**4 - 1/3*j**3 + 0. Give o(s).
-6
Let i(g) be the third derivative of 1/20*g**5 + 2*g**2 - 1/24*g**4 - 1/120*g**6 + 0 + 1/6*g**3 + 0*g. Let y(l) = l + 16. Let r be y(-13). Determine i(r).
-2
Let b(j) = j**2 + j + 11. Let f be b(0). Let k = -14 - -8. Let h = f + k. Let d(s) = -2*s + 5. What is d(h)?
-5
Let o(f) = -2*f. Let x(t) = -3*t. Let b(v) = -8*o(v) + 5*x(v). Let n(m) = 2*m - 5. Let w be n(5). Determine b(w).
5
Let t(w) = -w**3 - 7*w**2 - 5*w + 4. Suppose 3*i + 15 = 0, 0*r - 2*r - 2 = -2*i. Give t(r).
-2
Let y(q) = 2*q**3 + 3*q**2 + 3*q + 2. Suppose 2*c + 0*r + r = -3, -c + r = 3. Let j be 2 - 3/2*c. Suppose -3 + j = -a. Give y(a).
-8
Let n = -44339/60 - -739. Let q(o) be the third derivative of -5/24*o**4 + 0 - n*o**5 + 0*o + o**2 + 0*o**3. What is q(-5)?
0
Let u = 7 - 15. Let v = 3 + u. Let r(h) be the third derivative of -h**4/24 - 7*h**3/6 + h**2. Determine r(v).
-2
Let l(h) = -h**2 + 13*h + 14. Let p = 129 + -115. What is l(p)?
0
Let s(q) = q**3 + 3*q**2 + q - 4. Let b(m) = -5 + 4*m**3 + 6*m - 4*m + 4 - 8*m**3. Let y(t) = t + 9. Let a be y(-8). Let g be b(a). Determine s(g).
-7
Let u(c) = 1 + 3 + c + 6*c**2 + 0*c**3 + c**3 - 2. Give u(-6).
-4
Let x(g) = 7*g + 8. Let q(a) = a + 1. Let d(o) = 6*q(o) - x(o). Calculate d(2).
-4
Let u(k) = k + 4. Let p be 4 + -5 - 1 - 4/2. What is u(p)?
0
Let w(x) = x**3 + 5*x**2 - 9*x - 1. Suppose 0 = -4*o - 5*k - 4, 3*o - 5*k - 10 = 8*o. Calculate w(o).
17
Let z(q) be the first derivative of -1/24*q**4 - 1/60*q**5 + q**2 + 2 + 0*q - 1/6*q**3. Let h(o) be the second derivative of z(o). Calculate h(-1).
-1
Let r be ((-8)/10)/((-4)/10). Let w(b) = -r*b + 4*b - b**3 - 3 - 4*b**2 - 6*b. What is w(-3)?
0
Let b(a) = -a**2 + 5*a + 7. Let y = 15 + -9. Let z be b(y). Let q(f) = -7*f**2 - 1. What is q(z)?
-8
Let v(s) be the third derivative of -5/24*s**4 + 0*s - s**2 + 1/60*s**5 + 1/2*s**3 + 0. Suppose 0 = 3*g + 3*h - 9, -5*g + 4*h + 1 = -23. Calculate v(g).
-1
Let r(m) be the first derivative of -m**2/2 - 2*m + 4. What is r(-4)?
2
Let r = -169 - -175. Let p(s) = 2*s - 3 + 0 - s. Give p(r).
3
Suppose 0 = -u - 0 + 5. Let a(p) = -p**2 - 17*p + 7. Let d(g) = g**2 + 25*g - 10. Let b(k) = u*d(k) + 7*a(k). Suppose -2*l + l = -4. Give b(l).
-9
Let d = 22 + -18. Let b = d - 10. Let j(k) = -2*k + k**3 - 2*k + 5*k**2 + 9 - 2. Determine j(b).
-5
Let i(p) be the third derivative of p**9/60480 - p**8/20160 - p**7/1680 - p**6/720 + p**5/30 + 2*p**2. Let v(b) be the third derivative of i(b). Calculate v(3).
8
Let w(p) = 3*p